{"id":6,"date":"2011-01-10T19:45:01","date_gmt":"2011-01-10T19:45:01","guid":{"rendered":"http:\/\/www.sova.at\/?page_id=6"},"modified":"2011-02-13T13:15:43","modified_gmt":"2011-02-13T13:15:43","slug":"o-nas","status":"publish","type":"page","link":"https:\/\/www.sova.at\/?page_id=6","title":{"rendered":"O nas | \u00dcber uns"},"content":{"rendered":"<p>Strokovno pedago\u0161ko zdru\u017eenje je bilo ustanovljeno leta 1984 in je zdru\u017eenje dvojezi\u010dnih pedagoginj in pedagogov na Koro\u0161kem.<\/p>\n<p>Die P\u00e4dagogische Fachvereinigung|Strokovno pedago\u0161ko zdru\u017eenje wurde 1984 gegr\u00fcndet und ist eine Fachvereinigung zweisprachiger P\u00e4dagoginnen und P\u00e4dagogen in K\u00e4rnten.<\/p>\n<p><strong>Odbor|Vorstand:<\/strong><\/p>\n<p>Danilo <strong>Katz <\/strong>(predsednik|Vorsitzender)<br \/>\nMag. Lucija<strong> Ogorevc-Feinig<\/strong> (podpredsednica|Stellvertretende Vorsitzende)<br \/>\nRudi <strong>Kontschitsch <\/strong>(tajnik|Schriftf\u00fchrer)<br \/>\nDaniel <strong>Ko\u0161utnik <\/strong>(namestnik tajnika|Schriftf\u00fchrer-Stv.)<br \/>\nRudi <strong>\u0160tukelj <\/strong>(blagajnik|Kassier)<br \/>\nSigi <strong>Kolter<\/strong><br \/>\nJanja <strong>Kolter<\/strong><br \/>\nElisabeth <strong>Kontschitsch<\/strong><br \/>\nMirjam <strong>Ku\u0161ej<\/strong><br \/>\nStefan <strong>Lesjak<\/strong><br \/>\nFlorian <strong>Mochar<\/strong><\/p>\n<p><strong>[tabs slidertype=&#8221;images&#8221; fx=&#8221;slide&#8221; auto=&#8221;yes&#8221;][imagetab width=&#8221;600&#8243; height=&#8221;271&#8243;]http:\/\/www.sova.at\/wp-content\/uploads\/2011\/01\/odbor_092.png[\/imagetab] [\/tabs]<br \/>\n<\/strong><\/p>\n","protected":false},"excerpt":{"rendered":"<p>Strokovno pedago\u0161ko zdru\u017eenje je bilo ustanovljeno leta 1984 in je zdru\u017eenje dvojezi\u010dnih pedagoginj in pedagogov na Koro\u0161kem. Die P\u00e4dagogische Fachvereinigung|Strokovno pedago\u0161ko zdru\u017eenje wurde 1984 gegr\u00fcndet und ist eine Fachvereinigung zweisprachiger P\u00e4dagoginnen und P\u00e4dagogen in K\u00e4rnten. Odbor|Vorstand: Danilo Katz (predsednik|Vorsitzender) Mag. Lucija Ogorevc-Feinig (podpredsednica|Stellvertretende Vorsitzende) Rudi Kontschitsch (tajnik|Schriftf\u00fchrer) Daniel Ko\u0161utnik (namestnik tajnika|Schriftf\u00fchrer-Stv.) Rudi \u0160tukelj (blagajnik|Kassier) Sigi [&hellip;]<\/p>\n","protected":false},"author":1,"featured_media":158,"parent":0,"menu_order":0,"comment_status":"closed","ping_status":"open","template":"","meta":{"footnotes":""},"class_list":["post-6","page","type-page","status-publish","has-post-thumbnail"],"jetpack_sharing_enabled":true,"_links":{"self":[{"href":"https:\/\/www.sova.at\/index.php?rest_route=\/wp\/v2\/pages\/6","targetHints":{"allow":["GET"]}}],"collection":[{"href":"https:\/\/www.sova.at\/index.php?rest_route=\/wp\/v2\/pages"}],"about":[{"href":"https:\/\/www.sova.at\/index.php?rest_route=\/wp\/v2\/types\/page"}],"author":[{"embeddable":true,"href":"https:\/\/www.sova.at\/index.php?rest_route=\/wp\/v2\/users\/1"}],"replies":[{"embeddable":true,"href":"https:\/\/www.sova.at\/index.php?rest_route=%2Fwp%2Fv2%2Fcomments&post=6"}],"version-history":[{"count":83,"href":"https:\/\/www.sova.at\/index.php?rest_route=\/wp\/v2\/pages\/6\/revisions"}],"predecessor-version":[{"id":224,"href":"https:\/\/www.sova.at\/index.php?rest_route=\/wp\/v2\/pages\/6\/revisions\/224"}],"wp:featuredmedia":[{"embeddable":true,"href":"https:\/\/www.sova.at\/index.php?rest_route=\/wp\/v2\/media\/158"}],"wp:attachment":[{"href":"https:\/\/www.sova.at\/index.php?rest_route=%2Fwp%2Fv2%2Fmedia&parent=6"}],"curies":[{"name":"wp","href":"https:\/\/api.w.org\/{rel}","templated":true}]}}